Suppose 88 = 4*j - 4*h, -48 = -x*j + 5*h - 9*h. Calculate the highest common factor of 187 and j.
17
Let q(b) = 7*b**3 - b**2 - b + 1. Let l be q(1). Let z be (-95 - -197)*2/3. Calculate the highest common divisor of z and l.
2
Suppose 3*r + 2*v - 266 = 0, 0*r + 13*r - 4*v - 1178 = 0. Suppose -2*m - 4*n = -266, -4*n - 409 = 2*m - 5*m. Calculate the greatest common divisor of m and r.
45
Let h(v) = -13*v - 7. Let i(j) = -j**2 - 9*j - 9. Let s be i(-7). Suppose -g - s*g - 18 = 0. Let t be h(g). What is the greatest common divisor of 288 and t?
32
Let v(h) = 26*h - 27. Let d(r) = 13*r - 14. Let i(n) = 5*d(n) - 2*v(n). Let f be i(12). What is the greatest common divisor of 42 and f?
14
Let h be (-2)/((-3 - -2) + 3). Let n(j) = -17*j - 1. Let i be n(h). What is the highest common factor of i and 144?
16
Let f(d) = -d**3 + 11*d**2 - 6*d + 14. Let y be f(10). Let l = 24 + -17. Let b = l + -1. Calculate the greatest common factor of b and y.
6
Let w be 5 + 2 + 120 - -6. Let v be (-5)/15*0 + w. What is the highest common divisor of v and 19?
19
Suppose 25 = 5*o - 6*w + w, 2*o + w - 1 = 0. Suppose 0 = -5*k + o*m + 1678, 237 = 5*k + 2*m - 1445. Calculate the greatest common divisor of k and 21.
21
Suppose 0 = 71*i - 3003 + 1273 - 5796. Calculate the greatest common divisor of 2 and i.
2
Let t be (-2*291/(-15))/((-62)/(-155)). Calculate the highest common factor of 2619 and t.
97
Let k(v) = v**3 + 15*v**2 + 18*v + 1. Let y be k(-13). Let a be 421/5 - (-4 + -6*21/(-30)). Calculate the greatest common divisor of y and a.
21
Let u be -16*(-3)/16*(-2)/(-3). Calculate the highest common divisor of u and 211.
1
Suppose 133 = -11*o + 45. Let b(s) = 2*s**3 + 14*s**2 - 19*s - 8. Let y be b(o). Let i = 1 + 1. Calculate the highest common factor of i and y.
2
Suppose 56*j + 12958 = 35*j + 32*j. Calculate the greatest common divisor of 310 and j.
62
Let z be (-1 + 1 - 2) + 30. Let u be (-336)/(406/(-29)) - -25. Calculate the greatest common divisor of u and z.
7
Let k = -20400 - -20584. What is the greatest common factor of 161 and k?
23
Suppose 5*d - 5*w = -w + 88, -2*d + 43 = w. Calculate the greatest common divisor of 2348 and d.
4
Let g be ((-2)/5)/((30/(-1325))/3). Suppose -3*b + 477 = -24. Suppose 5*j - b - g = 0. Calculate the greatest common factor of j and 11.
11
Suppose -28*y = -33*y + 945. Suppose 3 = -3*d, q - y = -4*d - 33. Calculate the highest common factor of q and 20.
20
Let w be ((-2288)/(-55))/(2/200). Calculate the greatest common factor of 32 and w.
32
Suppose 3*y - 51 = -4*k, -5*k = -3*y - 3*k + 51. Let o(m) = -6*m + 47. Let b be o(y). Let n = -51 - b. What is the greatest common divisor of 4 and n?
4
Suppose 63*o = 62*o + 39. Let d = 80 - o. Let c be 6/(-2)*3485/(-51). What is the highest common factor of d and c?
41
Let a = 73 - -174. Let s = a + -231. What is the greatest common divisor of s and 144?
16
Let r = -28 + -243. Let m = 144 + r. Let x = -91 - m. Calculate the greatest common factor of 3 and x.
3
Suppose 3*g = 15, 52 + 11 = -w + 3*g. Let n be (-1620)/w + (-3)/4. Calculate the greatest common divisor of 121 and n.
11
Let z(d) = 100*d - 477. Let b be z(14). Calculate the greatest common factor of b and 39.
13
Let n = -35 + 148. Let m = -101 + n. Calculate the highest common divisor of 30 and m.
6
Let s be -3*5/5*(-530)/15. What is the highest common factor of 2915 and s?
53
Suppose -37*n - 195 = -2415. Let o = 392 + -282. Calculate the highest common divisor of o and n.
10
Let i(z) = 15*z**2 - 3*z - 3. Let q(b) = -2 + 0 + 1 + b**3 + 4*b**2 + 0*b**2. Let t be q(-4). Let c be i(t). What is the greatest common factor of c and 3?
3
Let f(m) be the first derivative of 4*m**3/3 - 11*m**2/2 - 172. Let v be f(-2). Let o = -44 + 139. What is the highest common factor of o and v?
19
Let n(z) = 2*z + 30. Let g be n(-13). Suppose 5*f = a - 83, 0*f = a - g*f - 79. Let t be 0 - (-9 + 2 - 2). Calculate the highest common factor of t and a.
9
Let w be 69 - (10/6)/(70/378). Let l = 247 - 172. Calculate the highest common factor of w and l.
15
Let y be ((-168)/49)/((-3)/43113). What is the highest common divisor of y and 12?
12
Suppose g - 15 = 3*k, 4*k - 48 = -2*g + k. Suppose -8*h + g*h - 338 = 0. Calculate the greatest common factor of h and 104.
26
Let i = 232 - 220. What is the highest common factor of 75 and i?
3
Let w = -15 + 17. Let t(h) = 7*h**2 + 24 + 6*h - 9*h**w - 7*h**2 + h**3 + h. Let s be t(8). What is the highest common divisor of 48 and s?
16
Suppose -150*q = -105*q - 6750. Suppose 0 = 2*v - 0*v - 12. What is the greatest common factor of v and q?
6
Let s = -2218 - -2228. Suppose -8*d - 2*a = -3*d + 1, -4 = 2*d - a. Let u(c) = -7*c + 1. Let k be u(d). Calculate the highest common divisor of k and s.
2
Let n = -6266 + 9462. What is the highest common divisor of n and 1128?
188
Suppose -591*p = -630*p + 3900. Let c(h) = -h**3 + 3*h**2 + 2*h - 2. Let q be c(3). What is the greatest common divisor of q and p?
4
Suppose 51760*t = 51745*t + 7500. Calculate the greatest common divisor of t and 260.
20
Suppose -9 + 0 = -y + p, -p = 0. Suppose 2*z - 4*q = 38, -5*q + 4 - y = 0. Let r be (-1)/(-2) + 222/4 + -5. What is the greatest common factor of z and r?
17
Let d(l) = -2*l**2 - 31*l - 38. Let a be d(-14). What is the greatest common factor of 116 and a?
4
Let n(w) = -18*w + 2479. Let z be n(103). Calculate the greatest common divisor of 7 and z.
1
Let f = 122 + 1358. What is the greatest common divisor of 8 and f?
8
Let k = -31293 + 48063. Calculate the greatest common factor of k and 6.
6
Let m be 159 + (0 - (-3)/(-6)*6). Let w be (-15)/10 - 1050/(-28). Calculate the greatest common factor of m and w.
12
Let q be (273/2 + (-12)/(-8))*(-2)/(-4). Calculate the greatest common factor of q and 3.
3
Let h = 119 + -122. Let n be -10 + 10 - 3/(-1). Let x be n + h + 2 + 123. Calculate the greatest common divisor of x and 25.
25
Suppose 783 = 4*y - 13*y. Let x be (y/(-2))/(175/(-30) - -6). Suppose s - x = -61. Calculate the highest common factor of s and 40.
40
Let s = 375 - 171. Let q = s + -116. Suppose -v - 3*c = -11, -3*c = -3*v - 5*c + 33. Calculate the highest common divisor of q and v.
11
Let v be (-940410)/(-1505)*(-14)/(-4). What is the highest common factor of 324 and v?
81
Suppose 12*d - 194241 + 193905 = 0. Calculate the highest common divisor of d and 238.
14
Let m be (135/315)/((-9)/(-273)). Calculate the highest common divisor of m and 41.
1
Suppose 116*v = 134*v - 5184. What is the highest common divisor of v and 2736?
144
Let k(g) be the first derivative of 1/4*g**4 - 4 + 36*g - 9*g**2 + 6*g**3. Let r be k(-19). Calculate the highest common divisor of r and 51.
17
Let l = -331 - -315. Let h(w) = -2*w - 4. Let f be h(l). Calculate the greatest common factor of 98 and f.
14
Let x(q) = -q**3 - 12*q**2 + 418*q - 813. Let h be x(-28). Let t(k) = -391*k + 1. Let c be t(-2). What is the greatest common factor of c and h?
27
Let w = -1394 - -1446. What is the highest common factor of w and 208?
52
Let i = -157 - -207. Suppose 4*r = 5*y - 47, 5*y + r - i = 6*r. Suppose -5*m - 7 = -0*q - 2*q, -q = 4*m + 3. Calculate the highest common divisor of y and q.
1
Let o = -1 - -1. Let b be o*(48/9 + -5). Suppose b*d = 2*d - 168. Calculate the highest common factor of d and 28.
28
Let x be 2/(-1)*(6/(-4) - -1). Suppose -2*f + 9 = -x. Calculate the highest common factor of 155 and f.
5
Let x be (15 - 0)/((-24)/(-64)). Let t(o) = -4*o + 35. Let d be t(0). What is the highest common factor of d and x?
5
Let j be 1 + (3 - -49 - -3). Suppose -35*l + 1685 + 1745 = 0. Calculate the highest common divisor of l and j.
14
Let b(l) be the second derivative of -19*l**3/3 + 5*l**2 - l - 37. Let a be b(-5). Calculate the greatest common divisor of 40 and a.
40
Let c be (11 - (-8 - -15)) + (-2)/1*-1. What is the highest common divisor of c and 4434?
6
Suppose -68 = -3*y - 5*v, y - 4*v + 2*v = 19. Let d = 87 - y. Let k be 12 - ((8 - 6) + 4). What is the highest common factor of k and d?
6
Suppose 6*g - 18 = 0, 9*g + 3062 = 4*j + 7*g. Calculate the highest common divisor of j and 13.
13
Suppose 0 = -630*j + 626*j + 92. Suppose 6*w + j - 269 = 0. What is the highest common divisor of 697 and w?
41
Let g = 12 + 3. Suppose -6243 + 10443 = 70*b. What is the greatest co